{"id":12,"date":"2020-02-24T12:50:07","date_gmt":"2020-02-24T12:50:07","guid":{"rendered":"http:\/\/localhost\/angiovascular\/?page_id=12"},"modified":"2021-11-08T11:57:00","modified_gmt":"2021-11-08T11:57:00","slug":"hospital","status":"publish","type":"page","link":"https:\/\/www.angiovascular.com.br\/index.php\/hospital\/","title":{"rendered":"Hospital"},"content":{"rendered":"\n<h2 class=\"wp-block-heading\">Centro de <strong>refer\u00eancia nacional<\/strong> em <strong>cirurgias<\/strong>&nbsp; <\/h2>\n\n\n\n<p> Somos especializados em cirurgias de m\u00e9dia complexidade e em procedimentos que envolvem tecnologia de ponta, mas com m\u00e9dio custo para os planos de sa\u00fade e particulares.<\/p>\n\n\n\n<p>Como exemplos das principais \u00e1reas de cirurgias que realizamos, temos: cirurgia vascular, cirurgia pl\u00e1stica, mastologia, cirurgia de cabe\u00e7a e de pesco\u00e7o, cirurgia ginecol\u00f3gica, cirurgias ortop\u00e9dicas, cirurgias dermatol\u00f3gicas, dentre outras.<\/p>\n\n\n\n<p>Ser\num&nbsp;<strong>centro\nde refer\u00eancia nacional em cirurgias<\/strong>&nbsp;torna\no Hospital AngioVascular um importante complexo m\u00e9dico n\u00e3o s\u00f3 pelo\nt\u00edtulo, mas por cada detalhe que forma a institui\u00e7\u00e3o.<\/p>\n\n\n\n<p>Cada\nprocedimento que fazemos \u00e9 lapidado pelo primor no atendimento aos\npacientes, tecnologias modernas e tradi\u00e7\u00e3o em cirurgias.<\/p>\n\n\n\n<p>Montar\numa equipe m\u00e9dica de excel\u00eancia, que, conjuntamente \u00e0s condi\u00e7\u00f5es\noferecidas pela institui\u00e7\u00e3o, possam oferecer o que tem de mais\natual nos procedimentos m\u00e9dicos, foi um dos desafios cruciais que\nprezamos em realizar. O treinamento da equipe tamb\u00e9m foi feito\nobjetivando demonstrar que todas as pessoas devem ser bem tratadas e\nacolhidas quando chegam ao hospital. O objetivo \u00e9 um s\u00f3:&nbsp;<strong>a\nsatisfa\u00e7\u00e3o do paciente.<\/strong><\/p>\n\n\n\n<h2 class=\"wp-block-heading\"><strong>Diferenciais<\/strong><\/h2>\n\n\n\n<div class=\"wp-block-columns is-layout-flex wp-container-4\">\n<div class=\"wp-block-column is-layout-flow\">\n<ul><li>Exames Cardiol\u00f3gicos<\/li><li>MEDIC &#8211; Impress\u00f5es 3D<\/li><li>UCI<\/li><li>Laborat\u00f3rio<\/li><\/ul>\n<\/div>\n\n\n\n<div class=\"wp-block-column is-layout-flow\">\n<ul><li>Farm\u00e1cia Hospitalar<\/li><li>Fisioterapia<\/li><li>Farm\u00e1cia<\/li><li>Consult\u00f3rios<\/li><\/ul>\n<\/div>\n\n\n\n<div class=\"wp-block-column is-layout-flow\">\n<ul><li>Centro Cir\u00fargico<\/li><li>Leitos hospitalares<\/li><li>Posto de Enfermagem<\/li><\/ul>\n<\/div>\n<\/div>\n\n\n\n<figure class=\"wp-block-gallery columns-5 is-cropped wp-block-gallery-5 is-layout-flex\"><ul class=\"blocks-gallery-grid\"><li class=\"blocks-gallery-item\"><figure><a href=\"https:\/\/www.angiovascular.com.br\/\/wp-content\/uploads\/2021\/05\/Hospital-Angiovascular-Natal-RN-14.jpg\"><img decoding=\"async\" loading=\"lazy\" width=\"1000\" height=\"666\" src=\"https:\/\/www.angiovascular.com.br\/\/wp-content\/uploads\/2021\/05\/Hospital-Angiovascular-Natal-RN-14.jpg\" alt=\"\" data-id=\"206\" data-full-url=\"https:\/\/www.angiovascular.com.br\/\/wp-content\/uploads\/2021\/05\/Hospital-Angiovascular-Natal-RN-14.jpg\" data-link=\"https:\/\/www.angiovascular.com.br\/\/hospital-angiovascular-natal-rn-14\/\" class=\"wp-image-206\" srcset=\"https:\/\/www.angiovascular.com.br\/wp-content\/uploads\/2021\/05\/Hospital-Angiovascular-Natal-RN-14.jpg 1000w, https:\/\/www.angiovascular.com.br\/wp-content\/uploads\/2021\/05\/Hospital-Angiovascular-Natal-RN-14-300x200.jpg 300w, https:\/\/www.angiovascular.com.br\/wp-content\/uploads\/2021\/05\/Hospital-Angiovascular-Natal-RN-14-768x511.jpg 768w\" sizes=\"(max-width: 1000px) 100vw, 1000px\" \/><\/a><\/figure><\/li><li class=\"blocks-gallery-item\"><figure><a href=\"https:\/\/www.angiovascular.com.br\/\/wp-content\/uploads\/2021\/05\/Hospital-Angiovascular-Natal-RN-13.jpg\"><img decoding=\"async\" loading=\"lazy\" width=\"1000\" height=\"666\" src=\"https:\/\/www.angiovascular.com.br\/\/wp-content\/uploads\/2021\/05\/Hospital-Angiovascular-Natal-RN-13.jpg\" alt=\"\" data-id=\"205\" data-full-url=\"https:\/\/www.angiovascular.com.br\/\/wp-content\/uploads\/2021\/05\/Hospital-Angiovascular-Natal-RN-13.jpg\" data-link=\"https:\/\/www.angiovascular.com.br\/\/hospital-angiovascular-natal-rn-13\/\" class=\"wp-image-205\" srcset=\"https:\/\/www.angiovascular.com.br\/wp-content\/uploads\/2021\/05\/Hospital-Angiovascular-Natal-RN-13.jpg 1000w, https:\/\/www.angiovascular.com.br\/wp-content\/uploads\/2021\/05\/Hospital-Angiovascular-Natal-RN-13-300x200.jpg 300w, https:\/\/www.angiovascular.com.br\/wp-content\/uploads\/2021\/05\/Hospital-Angiovascular-Natal-RN-13-768x511.jpg 768w\" sizes=\"(max-width: 1000px) 100vw, 1000px\" \/><\/a><\/figure><\/li><li class=\"blocks-gallery-item\"><figure><a href=\"https:\/\/www.angiovascular.com.br\/\/wp-content\/uploads\/2021\/05\/Hospital-Angiovascular-Natal-RN-4.jpg\"><img decoding=\"async\" loading=\"lazy\" width=\"1000\" height=\"666\" src=\"https:\/\/www.angiovascular.com.br\/\/wp-content\/uploads\/2021\/05\/Hospital-Angiovascular-Natal-RN-4.jpg\" alt=\"\" data-id=\"196\" data-full-url=\"https:\/\/www.angiovascular.com.br\/\/wp-content\/uploads\/2021\/05\/Hospital-Angiovascular-Natal-RN-4.jpg\" data-link=\"https:\/\/www.angiovascular.com.br\/\/hospital-angiovascular-natal-rn-4\/\" class=\"wp-image-196\" srcset=\"https:\/\/www.angiovascular.com.br\/wp-content\/uploads\/2021\/05\/Hospital-Angiovascular-Natal-RN-4.jpg 1000w, https:\/\/www.angiovascular.com.br\/wp-content\/uploads\/2021\/05\/Hospital-Angiovascular-Natal-RN-4-300x200.jpg 300w, https:\/\/www.angiovascular.com.br\/wp-content\/uploads\/2021\/05\/Hospital-Angiovascular-Natal-RN-4-768x511.jpg 768w\" sizes=\"(max-width: 1000px) 100vw, 1000px\" \/><\/a><\/figure><\/li><li class=\"blocks-gallery-item\"><figure><a href=\"https:\/\/www.angiovascular.com.br\/\/wp-content\/uploads\/2021\/05\/Hospital-Angiovascular-Natal-RN-5.jpg\"><img decoding=\"async\" loading=\"lazy\" width=\"1000\" height=\"666\" src=\"https:\/\/www.angiovascular.com.br\/\/wp-content\/uploads\/2021\/05\/Hospital-Angiovascular-Natal-RN-5.jpg\" alt=\"\" data-id=\"197\" data-full-url=\"https:\/\/www.angiovascular.com.br\/\/wp-content\/uploads\/2021\/05\/Hospital-Angiovascular-Natal-RN-5.jpg\" data-link=\"https:\/\/www.angiovascular.com.br\/\/hospital-angiovascular-natal-rn-5\/\" class=\"wp-image-197\" srcset=\"https:\/\/www.angiovascular.com.br\/wp-content\/uploads\/2021\/05\/Hospital-Angiovascular-Natal-RN-5.jpg 1000w, https:\/\/www.angiovascular.com.br\/wp-content\/uploads\/2021\/05\/Hospital-Angiovascular-Natal-RN-5-300x200.jpg 300w, https:\/\/www.angiovascular.com.br\/wp-content\/uploads\/2021\/05\/Hospital-Angiovascular-Natal-RN-5-768x511.jpg 768w\" sizes=\"(max-width: 1000px) 100vw, 1000px\" \/><\/a><\/figure><\/li><li class=\"blocks-gallery-item\"><figure><a href=\"https:\/\/www.angiovascular.com.br\/\/wp-content\/uploads\/2021\/05\/Hospital-Angiovascular-Natal-RN-12.jpg\"><img decoding=\"async\" loading=\"lazy\" width=\"1000\" height=\"666\" src=\"https:\/\/www.angiovascular.com.br\/\/wp-content\/uploads\/2021\/05\/Hospital-Angiovascular-Natal-RN-12.jpg\" alt=\"\" data-id=\"204\" data-full-url=\"https:\/\/www.angiovascular.com.br\/\/wp-content\/uploads\/2021\/05\/Hospital-Angiovascular-Natal-RN-12.jpg\" data-link=\"https:\/\/www.angiovascular.com.br\/\/hospital-angiovascular-natal-rn-12\/\" class=\"wp-image-204\" srcset=\"https:\/\/www.angiovascular.com.br\/wp-content\/uploads\/2021\/05\/Hospital-Angiovascular-Natal-RN-12.jpg 1000w, https:\/\/www.angiovascular.com.br\/wp-content\/uploads\/2021\/05\/Hospital-Angiovascular-Natal-RN-12-300x200.jpg 300w, https:\/\/www.angiovascular.com.br\/wp-content\/uploads\/2021\/05\/Hospital-Angiovascular-Natal-RN-12-768x511.jpg 768w\" sizes=\"(max-width: 1000px) 100vw, 1000px\" \/><\/a><\/figure><\/li><li class=\"blocks-gallery-item\"><figure><a href=\"https:\/\/www.angiovascular.com.br\/\/wp-content\/uploads\/2021\/05\/Hospital-Angiovascular-Natal-RN-3.jpg\"><img decoding=\"async\" loading=\"lazy\" width=\"1000\" height=\"666\" src=\"https:\/\/www.angiovascular.com.br\/\/wp-content\/uploads\/2021\/05\/Hospital-Angiovascular-Natal-RN-3.jpg\" alt=\"\" data-id=\"195\" data-full-url=\"https:\/\/www.angiovascular.com.br\/\/wp-content\/uploads\/2021\/05\/Hospital-Angiovascular-Natal-RN-3.jpg\" data-link=\"https:\/\/www.angiovascular.com.br\/\/hospital-angiovascular-natal-rn-3\/\" class=\"wp-image-195\" srcset=\"https:\/\/www.angiovascular.com.br\/wp-content\/uploads\/2021\/05\/Hospital-Angiovascular-Natal-RN-3.jpg 1000w, https:\/\/www.angiovascular.com.br\/wp-content\/uploads\/2021\/05\/Hospital-Angiovascular-Natal-RN-3-300x200.jpg 300w, https:\/\/www.angiovascular.com.br\/wp-content\/uploads\/2021\/05\/Hospital-Angiovascular-Natal-RN-3-768x511.jpg 768w\" sizes=\"(max-width: 1000px) 100vw, 1000px\" \/><\/a><\/figure><\/li><li class=\"blocks-gallery-item\"><figure><a href=\"https:\/\/www.angiovascular.com.br\/\/wp-content\/uploads\/2021\/05\/Hospital-Angiovascular-Natal-RN-7.jpg\"><img decoding=\"async\" loading=\"lazy\" width=\"1000\" height=\"666\" src=\"https:\/\/www.angiovascular.com.br\/\/wp-content\/uploads\/2021\/05\/Hospital-Angiovascular-Natal-RN-7.jpg\" alt=\"\" data-id=\"199\" data-full-url=\"https:\/\/www.angiovascular.com.br\/\/wp-content\/uploads\/2021\/05\/Hospital-Angiovascular-Natal-RN-7.jpg\" data-link=\"https:\/\/www.angiovascular.com.br\/\/hospital-angiovascular-natal-rn-7\/\" class=\"wp-image-199\" srcset=\"https:\/\/www.angiovascular.com.br\/wp-content\/uploads\/2021\/05\/Hospital-Angiovascular-Natal-RN-7.jpg 1000w, https:\/\/www.angiovascular.com.br\/wp-content\/uploads\/2021\/05\/Hospital-Angiovascular-Natal-RN-7-300x200.jpg 300w, https:\/\/www.angiovascular.com.br\/wp-content\/uploads\/2021\/05\/Hospital-Angiovascular-Natal-RN-7-768x511.jpg 768w\" sizes=\"(max-width: 1000px) 100vw, 1000px\" \/><\/a><\/figure><\/li><li class=\"blocks-gallery-item\"><figure><a href=\"https:\/\/www.angiovascular.com.br\/\/wp-content\/uploads\/2021\/05\/Hospital-Angiovascular-Natal-RN-11.jpg\"><img decoding=\"async\" loading=\"lazy\" width=\"1000\" height=\"666\" src=\"https:\/\/www.angiovascular.com.br\/\/wp-content\/uploads\/2021\/05\/Hospital-Angiovascular-Natal-RN-11.jpg\" alt=\"\" data-id=\"203\" data-full-url=\"https:\/\/www.angiovascular.com.br\/\/wp-content\/uploads\/2021\/05\/Hospital-Angiovascular-Natal-RN-11.jpg\" data-link=\"https:\/\/www.angiovascular.com.br\/\/hospital-angiovascular-natal-rn-11\/\" class=\"wp-image-203\" srcset=\"https:\/\/www.angiovascular.com.br\/wp-content\/uploads\/2021\/05\/Hospital-Angiovascular-Natal-RN-11.jpg 1000w, https:\/\/www.angiovascular.com.br\/wp-content\/uploads\/2021\/05\/Hospital-Angiovascular-Natal-RN-11-300x200.jpg 300w, https:\/\/www.angiovascular.com.br\/wp-content\/uploads\/2021\/05\/Hospital-Angiovascular-Natal-RN-11-768x511.jpg 768w\" sizes=\"(max-width: 1000px) 100vw, 1000px\" \/><\/a><\/figure><\/li><li class=\"blocks-gallery-item\"><figure><a href=\"https:\/\/www.angiovascular.com.br\/\/wp-content\/uploads\/2021\/05\/Hospital-Angiovascular-Natal-RN-9.jpg\"><img decoding=\"async\" loading=\"lazy\" width=\"1000\" height=\"666\" src=\"https:\/\/www.angiovascular.com.br\/\/wp-content\/uploads\/2021\/05\/Hospital-Angiovascular-Natal-RN-9.jpg\" alt=\"\" data-id=\"201\" data-full-url=\"https:\/\/www.angiovascular.com.br\/\/wp-content\/uploads\/2021\/05\/Hospital-Angiovascular-Natal-RN-9.jpg\" data-link=\"https:\/\/www.angiovascular.com.br\/\/hospital-angiovascular-natal-rn-9\/\" class=\"wp-image-201\" srcset=\"https:\/\/www.angiovascular.com.br\/wp-content\/uploads\/2021\/05\/Hospital-Angiovascular-Natal-RN-9.jpg 1000w, https:\/\/www.angiovascular.com.br\/wp-content\/uploads\/2021\/05\/Hospital-Angiovascular-Natal-RN-9-300x200.jpg 300w, https:\/\/www.angiovascular.com.br\/wp-content\/uploads\/2021\/05\/Hospital-Angiovascular-Natal-RN-9-768x511.jpg 768w\" sizes=\"(max-width: 1000px) 100vw, 1000px\" \/><\/a><\/figure><\/li><li class=\"blocks-gallery-item\"><figure><a href=\"https:\/\/www.angiovascular.com.br\/\/wp-content\/uploads\/2021\/05\/Hospital-Angiovascular-Natal-RN-8.jpg\"><img decoding=\"async\" loading=\"lazy\" width=\"1000\" height=\"666\" src=\"https:\/\/www.angiovascular.com.br\/\/wp-content\/uploads\/2021\/05\/Hospital-Angiovascular-Natal-RN-8.jpg\" alt=\"\" data-id=\"200\" data-full-url=\"https:\/\/www.angiovascular.com.br\/\/wp-content\/uploads\/2021\/05\/Hospital-Angiovascular-Natal-RN-8.jpg\" data-link=\"https:\/\/www.angiovascular.com.br\/\/hospital-angiovascular-natal-rn-8\/\" class=\"wp-image-200\" srcset=\"https:\/\/www.angiovascular.com.br\/wp-content\/uploads\/2021\/05\/Hospital-Angiovascular-Natal-RN-8.jpg 1000w, https:\/\/www.angiovascular.com.br\/wp-content\/uploads\/2021\/05\/Hospital-Angiovascular-Natal-RN-8-300x200.jpg 300w, https:\/\/www.angiovascular.com.br\/wp-content\/uploads\/2021\/05\/Hospital-Angiovascular-Natal-RN-8-768x511.jpg 768w\" sizes=\"(max-width: 1000px) 100vw, 1000px\" \/><\/a><\/figure><\/li><li class=\"blocks-gallery-item\"><figure><a href=\"https:\/\/www.angiovascular.com.br\/\/wp-content\/uploads\/2021\/05\/Hospital-Angiovascular-Natal-RN-10.jpg\"><img decoding=\"async\" loading=\"lazy\" width=\"1000\" height=\"666\" src=\"https:\/\/www.angiovascular.com.br\/\/wp-content\/uploads\/2021\/05\/Hospital-Angiovascular-Natal-RN-10.jpg\" alt=\"\" data-id=\"202\" data-full-url=\"https:\/\/www.angiovascular.com.br\/\/wp-content\/uploads\/2021\/05\/Hospital-Angiovascular-Natal-RN-10.jpg\" data-link=\"https:\/\/www.angiovascular.com.br\/\/hospital-angiovascular-natal-rn-10\/\" class=\"wp-image-202\" srcset=\"https:\/\/www.angiovascular.com.br\/wp-content\/uploads\/2021\/05\/Hospital-Angiovascular-Natal-RN-10.jpg 1000w, https:\/\/www.angiovascular.com.br\/wp-content\/uploads\/2021\/05\/Hospital-Angiovascular-Natal-RN-10-300x200.jpg 300w, https:\/\/www.angiovascular.com.br\/wp-content\/uploads\/2021\/05\/Hospital-Angiovascular-Natal-RN-10-768x511.jpg 768w\" sizes=\"(max-width: 1000px) 100vw, 1000px\" \/><\/a><\/figure><\/li><li class=\"blocks-gallery-item\"><figure><a href=\"https:\/\/www.angiovascular.com.br\/\/wp-content\/uploads\/2021\/05\/Hospital-Angiovascular-Natal-RN-6.jpg\"><img decoding=\"async\" loading=\"lazy\" width=\"1000\" height=\"666\" src=\"https:\/\/www.angiovascular.com.br\/\/wp-content\/uploads\/2021\/05\/Hospital-Angiovascular-Natal-RN-6.jpg\" alt=\"\" data-id=\"198\" data-full-url=\"https:\/\/www.angiovascular.com.br\/\/wp-content\/uploads\/2021\/05\/Hospital-Angiovascular-Natal-RN-6.jpg\" data-link=\"https:\/\/www.angiovascular.com.br\/\/hospital-angiovascular-natal-rn-6\/\" class=\"wp-image-198\" srcset=\"https:\/\/www.angiovascular.com.br\/wp-content\/uploads\/2021\/05\/Hospital-Angiovascular-Natal-RN-6.jpg 1000w, https:\/\/www.angiovascular.com.br\/wp-content\/uploads\/2021\/05\/Hospital-Angiovascular-Natal-RN-6-300x200.jpg 300w, https:\/\/www.angiovascular.com.br\/wp-content\/uploads\/2021\/05\/Hospital-Angiovascular-Natal-RN-6-768x511.jpg 768w\" sizes=\"(max-width: 1000px) 100vw, 1000px\" \/><\/a><\/figure><\/li><li class=\"blocks-gallery-item\"><figure><a href=\"https:\/\/www.angiovascular.com.br\/\/wp-content\/uploads\/2021\/05\/Hospital-Angiovascular-Natal-RN-1.jpg\"><img decoding=\"async\" loading=\"lazy\" width=\"1000\" height=\"666\" src=\"https:\/\/www.angiovascular.com.br\/\/wp-content\/uploads\/2021\/05\/Hospital-Angiovascular-Natal-RN-1.jpg\" alt=\"\" data-id=\"193\" data-full-url=\"https:\/\/www.angiovascular.com.br\/\/wp-content\/uploads\/2021\/05\/Hospital-Angiovascular-Natal-RN-1.jpg\" data-link=\"https:\/\/www.angiovascular.com.br\/\/hospital-angiovascular-natal-rn-1\/\" class=\"wp-image-193\" srcset=\"https:\/\/www.angiovascular.com.br\/wp-content\/uploads\/2021\/05\/Hospital-Angiovascular-Natal-RN-1.jpg 1000w, https:\/\/www.angiovascular.com.br\/wp-content\/uploads\/2021\/05\/Hospital-Angiovascular-Natal-RN-1-300x200.jpg 300w, https:\/\/www.angiovascular.com.br\/wp-content\/uploads\/2021\/05\/Hospital-Angiovascular-Natal-RN-1-768x511.jpg 768w\" sizes=\"(max-width: 1000px) 100vw, 1000px\" \/><\/a><\/figure><\/li><li class=\"blocks-gallery-item\"><figure><a href=\"https:\/\/www.angiovascular.com.br\/\/wp-content\/uploads\/2021\/05\/Hospital-Angiovascular-Natal-RN-2.jpg\"><img decoding=\"async\" loading=\"lazy\" width=\"1000\" height=\"666\" src=\"https:\/\/www.angiovascular.com.br\/\/wp-content\/uploads\/2021\/05\/Hospital-Angiovascular-Natal-RN-2.jpg\" alt=\"\" data-id=\"194\" data-full-url=\"https:\/\/www.angiovascular.com.br\/\/wp-content\/uploads\/2021\/05\/Hospital-Angiovascular-Natal-RN-2.jpg\" data-link=\"https:\/\/www.angiovascular.com.br\/\/hospital-angiovascular-natal-rn-2\/\" class=\"wp-image-194\" srcset=\"https:\/\/www.angiovascular.com.br\/wp-content\/uploads\/2021\/05\/Hospital-Angiovascular-Natal-RN-2.jpg 1000w, https:\/\/www.angiovascular.com.br\/wp-content\/uploads\/2021\/05\/Hospital-Angiovascular-Natal-RN-2-300x200.jpg 300w, https:\/\/www.angiovascular.com.br\/wp-content\/uploads\/2021\/05\/Hospital-Angiovascular-Natal-RN-2-768x511.jpg 768w\" sizes=\"(max-width: 1000px) 100vw, 1000px\" \/><\/a><\/figure><\/li><\/ul><\/figure>\n","protected":false},"excerpt":{"rendered":"<p>Centro de refer\u00eancia nacional em cirurgias&nbsp; Somos especializados em cirurgias de m\u00e9dia complexidade e em procedimentos que envolvem tecnologia de ponta, mas com m\u00e9dio custo para os planos de sa\u00fade e particulares. Como exemplos das principais \u00e1reas de cirurgias que realizamos, temos: cirurgia vascular, cirurgia pl\u00e1stica, mastologia, cirurgia de cabe\u00e7a e de pesco\u00e7o, cirurgia ginecol\u00f3gica, [&hellip;]<\/p>\n","protected":false},"author":1,"featured_media":204,"parent":0,"menu_order":0,"comment_status":"closed","ping_status":"closed","template":"","meta":[],"acf":[],"yoast_head":"<!-- This site is optimized with the Yoast SEO plugin v21.8.1 - https:\/\/yoast.com\/wordpress\/plugins\/seo\/ -->\n<title>Hospital - Hospital AngioVascular<\/title>\n<meta name=\"robots\" content=\"index, follow, max-snippet:-1, max-image-preview:large, max-video-preview:-1\" \/>\n<link rel=\"canonical\" href=\"https:\/\/www.angiovascular.com.br\/index.php\/hospital\/\" \/>\n<meta property=\"og:locale\" content=\"pt_BR\" \/>\n<meta property=\"og:type\" content=\"article\" \/>\n<meta property=\"og:title\" content=\"Hospital - Hospital AngioVascular\" \/>\n<meta property=\"og:description\" content=\"Centro de refer\u00eancia nacional em cirurgias&nbsp; Somos especializados em cirurgias de m\u00e9dia complexidade e em procedimentos que envolvem tecnologia de ponta, mas com m\u00e9dio custo para os planos de sa\u00fade e particulares. Como exemplos das principais \u00e1reas de cirurgias que realizamos, temos: cirurgia vascular, cirurgia pl\u00e1stica, mastologia, cirurgia de cabe\u00e7a e de pesco\u00e7o, cirurgia ginecol\u00f3gica, [&hellip;]\" \/>\n<meta property=\"og:url\" content=\"https:\/\/www.angiovascular.com.br\/index.php\/hospital\/\" \/>\n<meta property=\"og:site_name\" content=\"Hospital AngioVascular\" \/>\n<meta property=\"article:modified_time\" content=\"2021-11-08T11:57:00+00:00\" \/>\n<meta property=\"og:image\" content=\"https:\/\/www.angiovascular.com.br\/wp-content\/uploads\/2021\/05\/Hospital-Angiovascular-Natal-RN-12.jpg\" \/>\n\t<meta property=\"og:image:width\" content=\"1000\" \/>\n\t<meta property=\"og:image:height\" content=\"666\" \/>\n\t<meta property=\"og:image:type\" content=\"image\/jpeg\" \/>\n<meta name=\"twitter:card\" content=\"summary_large_image\" \/>\n<meta name=\"twitter:label1\" content=\"Est. reading time\" \/>\n\t<meta name=\"twitter:data1\" content=\"1 minuto\" \/>\n<script type=\"application\/ld+json\" class=\"yoast-schema-graph\">{\"@context\":\"https:\/\/schema.org\",\"@graph\":[{\"@type\":\"WebPage\",\"@id\":\"https:\/\/www.angiovascular.com.br\/index.php\/hospital\/\",\"url\":\"https:\/\/www.angiovascular.com.br\/index.php\/hospital\/\",\"name\":\"Hospital - Hospital AngioVascular\",\"isPartOf\":{\"@id\":\"https:\/\/www.angiovascular.com.br\/#website\"},\"datePublished\":\"2020-02-24T12:50:07+00:00\",\"dateModified\":\"2021-11-08T11:57:00+00:00\",\"breadcrumb\":{\"@id\":\"https:\/\/www.angiovascular.com.br\/index.php\/hospital\/#breadcrumb\"},\"inLanguage\":\"pt-BR\",\"potentialAction\":[{\"@type\":\"ReadAction\",\"target\":[\"https:\/\/www.angiovascular.com.br\/index.php\/hospital\/\"]}]},{\"@type\":\"BreadcrumbList\",\"@id\":\"https:\/\/www.angiovascular.com.br\/index.php\/hospital\/#breadcrumb\",\"itemListElement\":[{\"@type\":\"ListItem\",\"position\":1,\"name\":\"Home\",\"item\":\"https:\/\/www.angiovascular.com.br\/\"},{\"@type\":\"ListItem\",\"position\":2,\"name\":\"Hospital\"}]},{\"@type\":\"WebSite\",\"@id\":\"https:\/\/www.angiovascular.com.br\/#website\",\"url\":\"https:\/\/www.angiovascular.com.br\/\",\"name\":\"Hospital AngioVascular\",\"description\":\"Centro m\u00e9dico integrado em Angiologia, Cirurgia Pl\u00e1stica, Dermatologia e Cardiologia\",\"potentialAction\":[{\"@type\":\"SearchAction\",\"target\":{\"@type\":\"EntryPoint\",\"urlTemplate\":\"https:\/\/www.angiovascular.com.br\/?s={search_term_string}\"},\"query-input\":\"required name=search_term_string\"}],\"inLanguage\":\"pt-BR\"}]}<\/script>\n<!-- \/ Yoast SEO plugin. -->","yoast_head_json":{"title":"Hospital - Hospital AngioVascular","robots":{"index":"index","follow":"follow","max-snippet":"max-snippet:-1","max-image-preview":"max-image-preview:large","max-video-preview":"max-video-preview:-1"},"canonical":"https:\/\/www.angiovascular.com.br\/index.php\/hospital\/","og_locale":"pt_BR","og_type":"article","og_title":"Hospital - Hospital AngioVascular","og_description":"Centro de refer\u00eancia nacional em cirurgias&nbsp; Somos especializados em cirurgias de m\u00e9dia complexidade e em procedimentos que envolvem tecnologia de ponta, mas com m\u00e9dio custo para os planos de sa\u00fade e particulares. Como exemplos das principais \u00e1reas de cirurgias que realizamos, temos: cirurgia vascular, cirurgia pl\u00e1stica, mastologia, cirurgia de cabe\u00e7a e de pesco\u00e7o, cirurgia ginecol\u00f3gica, [&hellip;]","og_url":"https:\/\/www.angiovascular.com.br\/index.php\/hospital\/","og_site_name":"Hospital AngioVascular","article_modified_time":"2021-11-08T11:57:00+00:00","og_image":[{"width":1000,"height":666,"url":"https:\/\/www.angiovascular.com.br\/wp-content\/uploads\/2021\/05\/Hospital-Angiovascular-Natal-RN-12.jpg","type":"image\/jpeg"}],"twitter_card":"summary_large_image","twitter_misc":{"Est. reading time":"1 minuto"},"schema":{"@context":"https:\/\/schema.org","@graph":[{"@type":"WebPage","@id":"https:\/\/www.angiovascular.com.br\/index.php\/hospital\/","url":"https:\/\/www.angiovascular.com.br\/index.php\/hospital\/","name":"Hospital - Hospital AngioVascular","isPartOf":{"@id":"https:\/\/www.angiovascular.com.br\/#website"},"datePublished":"2020-02-24T12:50:07+00:00","dateModified":"2021-11-08T11:57:00+00:00","breadcrumb":{"@id":"https:\/\/www.angiovascular.com.br\/index.php\/hospital\/#breadcrumb"},"inLanguage":"pt-BR","potentialAction":[{"@type":"ReadAction","target":["https:\/\/www.angiovascular.com.br\/index.php\/hospital\/"]}]},{"@type":"BreadcrumbList","@id":"https:\/\/www.angiovascular.com.br\/index.php\/hospital\/#breadcrumb","itemListElement":[{"@type":"ListItem","position":1,"name":"Home","item":"https:\/\/www.angiovascular.com.br\/"},{"@type":"ListItem","position":2,"name":"Hospital"}]},{"@type":"WebSite","@id":"https:\/\/www.angiovascular.com.br\/#website","url":"https:\/\/www.angiovascular.com.br\/","name":"Hospital AngioVascular","description":"Centro m\u00e9dico integrado em Angiologia, Cirurgia Pl\u00e1stica, Dermatologia e Cardiologia","potentialAction":[{"@type":"SearchAction","target":{"@type":"EntryPoint","urlTemplate":"https:\/\/www.angiovascular.com.br\/?s={search_term_string}"},"query-input":"required name=search_term_string"}],"inLanguage":"pt-BR"}]}},"_links":{"self":[{"href":"https:\/\/www.angiovascular.com.br\/index.php\/wp-json\/wp\/v2\/pages\/12"}],"collection":[{"href":"https:\/\/www.angiovascular.com.br\/index.php\/wp-json\/wp\/v2\/pages"}],"about":[{"href":"https:\/\/www.angiovascular.com.br\/index.php\/wp-json\/wp\/v2\/types\/page"}],"author":[{"embeddable":true,"href":"https:\/\/www.angiovascular.com.br\/index.php\/wp-json\/wp\/v2\/users\/1"}],"replies":[{"embeddable":true,"href":"https:\/\/www.angiovascular.com.br\/index.php\/wp-json\/wp\/v2\/comments?post=12"}],"version-history":[{"count":22,"href":"https:\/\/www.angiovascular.com.br\/index.php\/wp-json\/wp\/v2\/pages\/12\/revisions"}],"predecessor-version":[{"id":407,"href":"https:\/\/www.angiovascular.com.br\/index.php\/wp-json\/wp\/v2\/pages\/12\/revisions\/407"}],"wp:featuredmedia":[{"embeddable":true,"href":"https:\/\/www.angiovascular.com.br\/index.php\/wp-json\/wp\/v2\/media\/204"}],"wp:attachment":[{"href":"https:\/\/www.angiovascular.com.br\/index.php\/wp-json\/wp\/v2\/media?parent=12"}],"curies":[{"name":"wp","href":"https:\/\/api.w.org\/{rel}","templated":true}]}}